5
Let a(b) = -4*b - 66. Give a(-20).
14
Let k(l) = l**2 - l - 55. Give k(-7).
1
Let k(d) = d**3 - 4*d**2 - 95*d - 19. Give k(12).
-7
Let k(s) = -2*s - 12. What is k(-6)?
0
Let v(z) = 4*z**2 - 13*z - 32. Give v(-2).
10
Let q(t) = -22*t - 111. What is q(-5)?
-1
Let g(f) = -f**3. Determine g(0).
0
Let q(j) = -2*j - 15. Determine q(-6).
-3
Let r(g) = 13*g - 2. What is r(2)?
24
Let f(d) = -d**2 + 34*d + 231. What is f(40)?
-9
Let q(b) = 7*b**2 - 3*b - 1. What is q(-2)?
33
Let f(c) = -c**3 - 26*c**2 + 26*c - 35. Determine f(-27).
-8
Let t(q) = -q**2 - 2*q - 2. What is t(-4)?
-10
Let i(r) = r**2 + 5*r - 6. Determine i(-3).
-12
Let y(r) = -r**3 + 11*r**2 - 3*r - 64. Give y(10).
6
Let v(y) = -2*y**3 + 7*y + 7. Calculate v(-1).
2
Let m(p) = -p**3 + 7*p**2 - 11*p + 2. Determine m(5).
-3
Let r(i) = -8*i + 8. Give r(0).
8
Let k(u) = 2*u**2 - 60*u - 36. Give k(31).
26
Let o(t) = t**2 + t - 7. Calculate o(-6).
23
Let u(h) = -4*h + 163. What is u(37)?
15
Let v(w) = -5*w. Determine v(-2).
10
Let f(m) = -6*m + 19. Calculate f(9).
-35
Let b(z) = 2*z**3 + 31*z**2 + 16*z + 6. What is b(-15)?
-9
Let f(a) = -5*a - 2. Determine f(-7).
33
Let q(m) = -2*m**2 - m + 4. Calculate q(-3).
-11
Let v(k) = k**3 - 29*k**2 - 28*k - 74. Calculate v(30).
-14
Let i(z) = -3*z - 2. Calculate i(-5).
13
Let m(n) = 2*n + 12. What is m(-6)?
0
Let p(r) = -3*r + 81. What is p(20)?
21
Let x(s) = -53*s + 47. Calculate x(1).
-6
Let g(f) = f**3 + f**2 - f - 7. What is g(0)?
-7
Let d(z) = 16*z**2 - 2*z - 1. Determine d(-2).
67
Let y(x) = x**2 + 20*x + 96. Calculate y(-9).
-3
Let w(t) = -38*t - 656. Give w(-17).
-10
Let q(d) = d**3 + 15*d**2 + 54*d + 2. Give q(-6).
2
Let h(t) = t**3 - 3*t**2 - 9*t - 10. What is h(5)?
-5
Let u(g) = 15*g + 20. Calculate u(-1).
5
Let s(u) = -2*u - 7. Give s(-3).
-1
Let g(q) = 14*q + 8. What is g(-1)?
-6
Let f(o) = 73*o + 3. Determine f(-1).
-70
Let x(q) = q**3 - q**2 + q + 4. Give x(0).
4
Let a(p) = -p**3 - 3*p**2 + 6*p - 12. Calculate a(-5).
8
Let a(f) = 10*f + 64. Determine a(-6).
4
Let k(x) = x**3 + 12*x**2 - 12*x. Calculate k(-13).
-13
Let v(q) = -3*q - 40. Determine v(-19).
17
Let x(u) = -u**3 + 6*u**2 + 2*u - 31. Determine x(6).
-19
Let b(q) = q**2 - 14*q + 49. What is b(6)?
1
Let g(l) = l**2 - l - 3. What is g(5)?
17
Let r(l) = -l + 8. Determine r(-8).
16
Let q(d) = d - 23. Calculate q(15).
-8
Let l(j) = 4*j**2 - 4*j + 3. Give l(2).
11
Let z(o) = o**3 + 5*o**2 + 36. Give z(-6).
0
Let v(g) = -4*g - 15. Determine v(0).
-15
Let a(m) = -3*m**2 - 5*m + 6. What is a(1)?
-2
Let p(a) = a**2 - 9*a - 46. Give p(13).
6
Let a(m) = 14*m + 201. Determine a(-14).
5
Let g(p) = -14*p - 33. Give g(-10).
107
Let p(m) = -m**3 - 7*m**2 - 6*m - 1. Calculate p(-5).
-21
Let f(j) = 18*j + 43. What is f(-3)?
-11
Let f(a) = 2*a - 5. Calculate f(4).
3
Let f(q) = -3*q + 2. What is f(-4)?
14
Let n(z) = z**3 - 14*z**2 + 2*z - 1. Calculate n(14).
27
Let c(l) = 2*l - 41. Calculate c(18).
-5
Let c(n) = -n**3 - 6*n**2 - 11*n - 31. Give c(-5).
-1
Let d(m) = -7*m - 68. Give d(-12).
16
Let r(l) = 4*l**3 - 13*l**2 + 5*l - 5. What is r(3)?
1
Let p(f) = 3*f + 11. What is p(9)?
38
Let d(w) = w + 2. Give d(5).
7
Let k(x) = -16*x + 24. What is k(11)?
-152
Let q(w) = -w**3 - 4*w**2 + 4*w + 5. Determine q(-5).
10
Let u(y) = -y**3 - 7*y**2 - 5*y. Calculate u(-5).
-25
Let y(n) = n**3 + 7*n**2 - 5*n + 9. What is y(-7)?
44
Let w(d) = -d**2 - 14*d - 19. Give w(-13).
-6
Let t(z) = 9*z + 5. Determine t(-1).
-4
Let k(t) = -t**2 - 3*t - 2. What is k(-8)?
-42
Let l(h) = -h**2 - 23*h - 60. Calculate l(-19).
16
Let k(j) = j + 3. Calculate k(-16).
-13
Let d(b) = 5*b - 105. Give d(16).
-25
Let o(d) = -19*d + 69. Give o(3).
12
Let u(p) = -2*p**3 - 4*p**2 + 14*p - 19. What is u(2)?
-23
Let i(m) = -3*m - 6. Give i(6).
-24
Let p(b) = -7*b**2 - 4*b + 3. What is p(-2)?
-17
Let x(g) = -g**2 - 31*g + 16. Give x(-29).
74
Let y(g) = -g**3 - g**2 - 6*g - 47. What is y(0)?
-47
Let c(u) = 11*u - 17. What is c(2)?
5
Let d(t) = 6*t + 60. Calculate d(-10).
0
Let c(m) = -3*m**3 + 4*m**2 + 2*m - 19. What is c(-3)?
92
Let d(k) = 2*k**3 - 22*k**2 - 27*k + 14. Determine d(12).
-22
Let n(h) = h**3 + 6*h**2 - 9*h - 1. Give n(-6).
53
Let c(x) = x**2 + 10*x + 10. Calculate c(-10).
10
Let q(x) = x**2 + 10*x + 4. Calculate q(-5).
-21
Let k(c) = c**2 - 45*c + 496. Calculate k(23).
-10
Let m(l) = -l**2 - 31*l - 226. What is m(-15)?
14
Let q(t) = -t**2 - 6*t - 13. What is q(0)?
-13
Let x(c) = -c**3 - 3*c**2 + 3*c - 10. Calculate x(0).
-10
Let s(u) = -4*u + 97. Give s(26).
-7
Let n(a) = -a + 18. Determine n(11).
7
Let u(n) = -3*n - 5. Give u(4).
-17
Let w(o) = o**2 + 6*o - 6. Determine w(-7).
1
Let j(x) = 2*x**3 - 9*x**2 - x + 18. Determine j(4).
-2
Let x(t) = 4*t + 17. Give x(-7).
-11
Let b(s) = -6*s**2 + 2*s - 2. Determine b(2).
-22
Let n(k) = k**3 + k - 55. Calculate n(0).
-55
Let m(y) = y**3 + 5*y**2 + 7. Calculate m(-5).
7
Let f(i) = -i**2 + 4*i - 4. What is f(2)?
0
Let p(u) = u**3 + 2*u**2 - 4. Give p(-4).
-36
Let x(z) = -15*z + 247. What is x(16)?
7
Let b(r) = 2*r**2 - 17*r - 11. Calculate b(9).
-2
Let f(s) = -s**3 - 11*s**2 + 15*s + 10. Calculate f(-12).
-26
Let b(w) = -w**3 + 8*w**2 - 4*w - 2. What is b(5)?
53
Let g(n) = n**2 - 8*n - 11. Determine g(9).
-2
Let i(z) = z**2 + 7*z + 11. What is i(-5)?
1
Let j(c) = c - 3. Calculate j(0).
-3
Let r(b) = -9*b - 62. Determine r(-14).
64
Let v(u) = u**3 + 7*u**2 + u + 9. Determine v(-7).
2
Let a(f) = 3*f**2 + 10*f + 18. What is a(-2)?
10
Let w(y) = y**3 - 8*y**2 + 12*y - 31. Give w(7).
4
Let t(l) = -24*l**2 - l - 1. What is t(-1)?
-24
Let n(j) = 16*j + 66. What is n(-4)?
2
Let n(r) = -6*r - 42. Determine n(-7).
0
Let i(v) = 2*v**2 + 3*v. Calculate i(-2).
2
Let g(o) = 4*o**3 + 30*o**2 - 16*o - 4. What is g(-8)?
-4
Let y(c) = -3*c**2 + 3*c - 1. Determine y(2).
-7
Let f(x) = 37*x + 275. Determine f(-7).
16
Let p(q) = -28*q - 339. Give p(-12).
-3
Let g(w) = -w**2 - 10*w - 2. Calculate g(-4).
22
Let l(f) = -4*f - 6. Calculate l(-15).
54
Let t(i) = 2*i**2 + 9*i + 4. Give t(-7).
39
Let y(g) = 4*g - 81. Determine y(19).
-5
Let t(m) = -m**2 + 10*m + 25. Give t(10).
25
Let q(y) = y**3 - 11*y**2 + 10*y + 7. Calculate q(3).
-35
Let f(b) = -b**3 + 15*b**2 - 22*b + 5. Determine f(13).
57
Let u(y) = -y**2 + 23*y + 90. What is u(26)?
12
Let l(o) = -9*o - 7. Determine l(-5).
38
Let a(p) = -p - 7. Give a(10).
-17
Let v(s) = -s**3 - 4*s**2 + 12*s + 26. Determine v(-3).
-19
Let j(a) = 13*a. Give j(6).
78
Let d(y) = 2*y**2 + 33*y + 3. What is d(-17)?
20
Let z(t) = 3*t + 27. What is z(-10)?
-3
Let y(s) = 4*s + 96. Give y(-23).
4
Let s(k) = -k**3 + 4*k**2 + k + 2. What is s(4)?
6
Let b(n) = -14*n - 1. What is b(1)?
-15
Let d(v) = -v + 13. Determine d(11).
2
Let k(w) = -w**2 - w + 19. Determine k(-6).
-11
Let p(n) = n**3 - 17*n**2 - 20*n + 35. Determine p(18).
-1
Let v(z) = 7*z - 30. Determine v(10).
40
Let l(b) = -b**2 - 12*b + 9. Give l(-13).
-4
Let q(y) = y**2 - 3*y + 1. Determine q(3).
1
Let d(z) = -9*z**3 + z**2 + 1. What is d(1)?
-7
Let i(w) = 5*w - 48. What is i(9)?
-3
Let t(d) = -d**3 - 6*d**2 - 6*d + 2. Give t(-5).
7
Let j(r) = r**3 - 11*r**2 + 6*r + 9. What is j(10)?
-31
Let r(m) = m**2 - 26*m + 99. Give r(4).
11
Let m(o) = 9*o - 366. Determine m(43).
21
Let z(j) = -j**3 + 10*j**2 + 43*j - 9. What is z(13)?
43
Let t(l) = -3*l**2 + 23*l - 16. Calculate t(7).
-2
Let o(u) = 3*u + 16. Calculate o(-11).
-17
Let z(a) = 2*a**3 - 14*a**2 + 4*a - 8. Determine z(7).
20
Let l(h) = h**2 - 32*h + 77. What is l(30)?
17
Let k(c) = 11*c. What is k(2)?
22
Let z(b) = b**2 + 30*b + 25. Calculate z(-29).
-4
Let c(z) = -z**3 - 8*z**2 + z + 5. Determine c(-8).
-3
Let h(r) = -3*r + 55. Give h(-24).
127
Let o(u) = -17*u + 20. Give o(2).
-14
Let s(g) = g**3 - 42*g**2 - 44*g + 26. Calculate s(43).
-17
Let w(u) = 7*u - 16. What is w(3)?
5
Let t(w) = 4*w**2 - 9*w - 7. Determine t(3).
2
Let u(p) = -p**3 - 7*p**2. Give u(-7).
0
Let a(i) = i**3 + 14*i**2 + 13*i + 32. Give a(-13).
32
Let x(w) = 3*w**2 - 5*w + 5. Give x(2).
7
Let y(c) = c**2 - 14*c + 22. Calculate y(13).
9
Let c(i) = 3*i**3 + 4*i**2 - 2*i + 1. Determine c(3).
112
Let u(y) = -y**2 - 7*y - 4. Determine u(-9).
-22
Let l(z) = z**2 - 10*z - 7. Give l(9).
-16
Let j(y) = 6*y + 13. Give j(-2).
1
Let b(f) = 3*f - 13. What is b(7)?
8
Let g(s) = s + 10. Calculate g(13).
23
Let j(f) 